8 = 7. Determine h(m).
39
Let a(u) = u**3 - 3*u - 4. Let c be (-1)/(126/27 - 5). Give a(c).
14
Suppose 333 = -34*g - 18*g + 333. Let b(d) = -8*d + 44. Determine b(g).
44
Let o(v) = -v**2 + 2*v - 4. Let a(g) = -g**2 - g - 1. Let q(u) = 2*a(u) - o(u). Suppose 8*w = 5*w + 5*k - 7, 2*k = -2*w - 10. What is q(w)?
2
Suppose 0 = c - 2*q - 10, 5*c + 3*q + 2*q + 25 = 0. Suppose -11*j + 18*j + 14 = c. Let k(p) = -6*p - 5. Calculate k(j).
7
Let v(n) = -25*n - 7. Let r(b) = 7*b + 2. Let p(j) = 7*r(j) + 2*v(j). Give p(1).
-1
Let o = 7 - -4. Let n(p) be the second derivative of -p**4/12 + 11*p**3/6 - 11*p**2/2 + 6*p + 363. Give n(o).
-11
Let a(i) = i**2 - 3*i - 5. Let l be 3 + -3 + -2 + 7. Suppose -2*m + 0*m - 234 = -l*d, 520 = -4*m - 3*d. Let w = -122 - m. What is a(w)?
5
Let i be (1444/(-95) - -15)/(1/(2 - -3)). Let r(p) = -7*p**2 + p + 3. Determine r(i).
-5
Let s be (4/(-6))/(4/(-18)). Let l(u) = -10*u**s + 2*u + u - u - 12 + 11 - u + u**2. Give l(1).
-9
Let p = 14754 + -14748. Let n(j) = j**3 - 11*j**2 + 19*j - 14. What is n(p)?
-80
Suppose -2*m + 163 = 139. Let p(o) = -o**2 + m*o + 8*o - 22*o + 5. Calculate p(-6).
-19
Suppose 106 = -36*v + 816 + 10. Let c(s) be the third derivative of -1/24*s**4 + 0 + v*s**2 + 0*s - s**3. Calculate c(-6).
0
Let d = 110 + -61. Let y(b) = -8*b - 15 + b**3 - 9 + 7*b**2 + d - 5 - 14. Calculate y(-8).
6
Let n be 1/(-3)*4*(-9)/6. Let c(w) be the first derivative of 3 - 2*w**n + 2*w + 2*w - 3*w. Calculate c(2).
-7
Let n(z) = -6*z**2 + 5*z - 2. Suppose -184 + 439 + 270 = 175*u. What is n(u)?
-41
Suppose -8*i + 9 = 4*f - 9*i, 2*i = 2*f. Let a(n) = 7*n + n**3 + 4*n**2 + 4*n - 4 - 7*n + f*n**2 + n**2. Suppose 0 = 3*w - 4*w - 7. What is a(w)?
17
Let g(i) = -i**2 - 7*i + 6. Let u = 743 - 751. Determine g(u).
-2
Let i(n) be the third derivative of n**6/60 + 11*n**5/60 + 7*n**4/12 + n**3/6 - 9*n**2 + n + 11. Calculate i(-4).
-7
Let h be (-41)/(984/(-96))*1/(-4). Let z(i) = -i + 2. Calculate z(h).
3
Let y(h) = -13*h - 2. Let u(p) = -15*p - 3. Let k be (5*(-2)/4)/(37/(-74)). Let t(n) = k*y(n) - 4*u(n). Calculate t(-3).
17
Let h(w) be the third derivative of -w**6/120 - 7*w**5/30 - w**4/2 + 11*w**3/3 - 18*w**2 - w. Give h(-13).
9
Let a = -337 + 339. Let b(l) = 3*l**2 - 61 - 2*l - 4*l**a + 68 - 2*l. Give b(-4).
7
Let s(k) = -3*k**2 - 37*k - 20. Let q be s(-12). Let x(j) = -3*j**2 - 21*j + 19. Calculate x(q).
-5
Let x(c) = 3*c**3 + 96*c**2 + 92*c - 33. Let g be x(-31). Let s(n) = 2*n**3 + 3*n**2 + 4*n + 3. What is s(g)?
-9
Let s(v) be the third derivative of -v**4/3 - 7*v**3/6 + 1016*v**2. Give s(-4).
25
Let q(a) = 27*a**2 + 22*a + 286. Let k(y) = 34*y**2 + 21*y + 299. Let x(l) = -4*k(l) + 5*q(l). What is x(33)?
3
Suppose -17*x - 9 = -20*x. Suppose 2*s + 70 = 2*n, 0 = 5*n - x*n - 10. Let m = s + 27. Let y(q) = -q**3 - 2*q**2 + q + 3. Calculate y(m).
9
Suppose -2 = u - 14. Let x(f) = -30*f + 5*f - 3*f**2 + 19*f + 21*f - 7 + 2*f**2 - f. Determine x(u).
17
Let k(t) = t**3 + 4*t**2 - 4*t - 6. Let a = -174 - -181. Suppose a*c = -60 + 32. Calculate k(c).
10
Let s(c) = -c**3 - 3*c**2 + 51*c + 13. Let z(v) = v**3 - 51*v**2 - 45*v + 4756. Let r be z(50). Determine s(r).
-5
Suppose -640 = 5*l + 295. Let u = -189 - l. Let h(f) = f**2 - 3*f - 3. Give h(u).
7
Let y = -1970 + 1967. Let z(f) = -2*f**3 - 7*f**2 - 2*f - 2. Give z(y).
-5
Let f(p) = -17 - 35*p + 18*p**2 + 22*p**2 - 39*p**2 - 11 - 44. Determine f(-2).
2
Let n(w) = w**3 + 6*w**2 + w + 4. Suppose -2*b + 3*t = -17 - 3, -5*b = -4*t - 36. Suppose b + 2 = -g. Calculate n(g).
-2
Let f(r) = -r**3 - 4*r**2 + 6*r + 1. Let q be f(-5). Let x(n) = 16*n**2 + 14*n + 30. Let j(d) = -21*d**2 - 17*d - 38. Let b(w) = 3*j(w) + 4*x(w). What is b(q)?
2
Let y(s) = s**2 + 27*s - 3*s + 49 + 0*s**2. Let o be y(-22). Let g(r) = r**2 - 5*r - 1. Calculate g(o).
-1
Let d(h) = 2*h**2 + 14*h + 9. Let f = -4001 - -3995. Determine d(f).
-3
Let q(x) be the first derivative of -x**5/20 - 5*x**4/12 + x**3 + 2*x**2 - 174*x - 47. Let n(w) be the first derivative of q(w). What is n(-5)?
-26
Suppose -16 = 2*z - 38. Let k(h) = h**2 - 8*h - 31. Calculate k(z).
2
Let t(k) = -10*k**2 - 60*k - 17. Let v(u) = 3*u**2 + 18*u + 5. Let i(g) = -4*t(g) - 13*v(g). Let o(x) = -x - 8. Let j be o(0). Calculate i(j).
19
Let t(d) = 1 - 7 + 14 - d - 4. Let p be t(6). Let s(u) be the third derivative of -u**6/60 - u**5/20 - u**4/8 - u**3/2 + 29*u**2. What is s(p)?
7
Let z(t) be the first derivative of -t**2 + 4*t - 59. Suppose 2*x = x - 2. Let c = 6 + x. Give z(c).
-4
Let i(m) = -m**2 + 10*m - 3. Let r(c) = -c**2 + 9*c - 2. Suppose -5*g = -2*l + 8, g - 2 = 3*l - 3*g. Let h(p) = l*i(p) + 7*r(p). What is h(3)?
4
Let k(v) = -3*v + 9. Let y(n) = -4*n + 14. Let b(t) = -7*k(t) + 5*y(t). Let r(j) = 7*j**3 - 2*j + 1. Let x = -55 - -56. Let l be r(x). What is b(l)?
13
Let s = 248 + -235. Let f(g) = -196122 + 196122 - s*g. Determine f(1).
-13
Let m(o) = -5*o + 1. Let x(c) = c**2 + 19*c + 13. Let a(g) = -2*m(g) - x(g). Give a(-6).
3
Let g(f) be the first derivative of 10 + 24*f + 4*f**2 - 1/6*f**3. Let j(n) be the first derivative of g(n). Calculate j(6).
2
Let h(t) be the first derivative of -t**2/2 + 6*t - 23. Suppose 0 = 9*k - 527 + 653. Determine h(k).
20
Suppose -6*n + 192 = 66. Let w = n - 23. Let u(v) be the first derivative of 2*v**3/3 + 2*v**2 + 2*v - 77. Calculate u(w).
2
Let s(w) = 7*w + 1. Let y(b) = -1. Let c(u) = s(u) - 2*y(u). Calculate c(-1).
-4
Let u(m) = -150134*m - 1 - 4 + 150135*m. Let v be (0 - -1)/((-6)/(-54)). Determine u(v).
4
Let q(l) = 18 + 3 + 3 + 8*l + l**2 - 2*l**2. Let c be q(11). Let z be 15/4 - c/(-12). Let t(y) = y**3 - y**2 - 3*y + 2. What is t(z)?
11
Let g be 34/10 + 2/(-5). Let y(d) = 6*d**3 - 12*d**2 + 22*d - 7. Let z(l) = 11*l**3 - 22*l**2 + 39*l - 12. Let j(m) = 7*y(m) - 4*z(m). Give j(g).
-25
Let q(n) = -n**3 + 7*n**2 - 6*n + 5. Let w(i) = 15*i + 134. Let h(s) = -10*s - 134. Let d(l) = 5*h(l) + 4*w(l). Let y be d(14). Calculate q(y).
5
Suppose -4*s - 6 = -p, 3*s = -5*p - 0*p + 7. Suppose -11 = 3*w - p. Let h(g) = 3 - 469*g - 476*g + 944*g. Give h(w).
6
Let d(i) = -9*i + 56. Let j(s) = 5*s - 27. Let o(n) = 3*d(n) + 7*j(n). Let v be o(3). Let b(y) = -1 - 4*y + 1. Give b(v).
-12
Let h(j) = 7*j**2 - 14*j + 6. Suppose -k - 8 = 9. Let z(a) = 20*a**2 - 41*a + 17. Let p(x) = k*h(x) + 6*z(x). Let c = 329 - 321. Calculate p(c).
0
Let z(c) = -65*c - 8 - 57*c + 123*c. Suppose 33 = -3*f + 21. What is z(f)?
-12
Let y(x) = 55*x - 13*x - 3 - 10*x - 18 - 14 + x**2. Give y(-33).
-2
Let q(m) be the third derivative of 0 + 0*m - 223*m**2 + 1/6*m**4 + 0*m**3. Determine q(5).
20
Let p(q) = 3*q + 5. Let l = 67 - 46. Let o = l - -18. Let n = o + -43. Determine p(n).
-7
Let v(b) = 203*b + 3. Let i(q) = 81*q + 2. Let u(t) = -5*i(t) + 2*v(t). Determine u(6).
2
Let t = 12 - 4. Suppose -3*k + 110 + 148 = 0. Let b(s) = 162*s - 77*s - k*s. What is b(t)?
-8
Let z be 4*10/4 + 1. Let x(w) = 15 - z - w**2 - 3*w + w - 2. Give x(-2).
2
Let p(b) = -9*b**2 + 10*b + 32. Let q(r) = 8*r**2 - 11*r - 39. Let m(l) = 6*p(l) + 5*q(l). Calculate m(1).
-12
Suppose -42*j + 96 + 53 = -61. Let p(k) = k**2 - 14*k + 38. What is p(j)?
-7
Let w(x) = -x**3 + 4*x**2 - 6*x + 12. Suppose -118*z + 883 - 293 = 0. What is w(z)?
-43
Let l = 72 - 69. Let c(m) = -27 + l*m + 5 + 22. Give c(-3).
-9
Let q = -442 - -431. Let c(h) = h + 27. Calculate c(q).
16
Let o(w) = w - 21. Let t(r) = 45*r - 20. Let j be t(10). Suppose 7*x + j = 12*x. Suppose -87*u + x*u = -10. What is o(u)?
-11
Let k = -19 + 26. Suppose -k*v + 11*v = 0. Suppose -11*c + 6*c + 30 = v. Let f(i) = -i - 4. Determine f(c).
-10
Let s(b) be the second derivative of 85*b + 0 - 1/12*b**4 + 3*b**2 - 13/6*b**3. Give s(-13).
6
Let d(a) = -67*a**3 + 4*a - 76*a**3 + 287*a**3 - 71*a**3 - 72*a**3 + 2*a**2 + 4. Determine d(0).
4
Let y(p) = 140 + 23*p**2 - p**3 + 5 + 77*p - 122. Determine y(26).
-3
Let p(f) = -14*f + 103. Let b(i) = 26*i - 194. Let q(c) = 5*b(c) + 9*p(c). What is q(16)?
21
Let h(u) = 7*u**3 + u + 2. Let a be h(-1). Let d(m) = -161*m**2 - 28*m - 28. Let r(q) = 62*q**2 + 11*q + 11. Let v(b) = 5*d(b) + 13*r(b). What is v(a)?
21
Let k be ((-144)/45)/(1/10). Let h be k/(-12) - 6/9. Let m(b) = 4*b**2 - 35*b + 11*b + 22*b. Give m(h).
12
Let u(c) = -4*c**2 - 26*c - 1. Suppose 87*t - 112 = -95 - 539. What is u(t)?
11
Let l(t) 